ctors of f.
2, 5701
What are the prime factors of -2*5/(-20)*108890?
5, 10889
Let r(p) = 4*p**3 - 14*p**2 + 3*p + 1. What are the prime factors of r(15)?
2, 23, 113
List the prime factors of (-525)/(-1575) - ((-121642)/6 - 0).
2, 3, 31, 109
What are the prime factors of (-12 - -11)/(5/(-210)*(-22)/(-21857))?
3, 7, 1987
Let a(h) = -5*h**3 + 155*h**2 + 13. Let w be a(31). Let z(x) = 6*x**2 + 19*x + 40. List the prime factors of z(w).
1301
Suppose -4 = -2*n, 6 = -w - 5*n - 18. Let c = -32 - w. What are the prime factors of c/(1 + 138/(-142))?
71
Let q(w) = -5*w**2 + 3*w + 4. Let v be q(3). Let z = 1 + 35. Let h = z + v. What are the prime factors of h?
2
Let g(a) be the first derivative of -7*a**2/2 + 41*a + 52. List the prime factors of g(-16).
3, 17
Let u(i) = -4*i + 15. Let z(v) = 2*v - 1. Let w be z(-3). Let n be u(w). Let g = n + -25. What are the prime factors of g?
2, 3
Suppose 0 = 15*m + 2*m + 11061 - 177933. What are the prime factors of m?
2, 3, 409
Suppose 6*k - 116 = 118. Suppose 33*y + 210 = k*y. List the prime factors of y.
5, 7
Suppose 0 = -14*g + 12*g - 822. Let x = g + 755. Let b = -229 + x. What are the prime factors of b?
5, 23
Let p be 0/(-2*4/(-8)). Let r(m) = 29 + p - 12*m + 5*m**2 - 7*m**2 + m**3. What are the prime factors of r(7)?
2, 5, 19
Let h(q) be the third derivative of -8*q**4/3 + 11*q**3/2 - 50*q**2. Let n be h(-12). Suppose n = 6*z - 3*z. What are the prime factors of z?
3, 89
Let i(c) = c**3 + 22*c**2 - 17*c - 4. Let k be i(-19). Let p = 2921 - k. List the prime factors of p.
7, 31
Suppose 6*a - 2*a + z = -215, 3*z + 9 = 0. Let c = 231 + a. Suppose -2*m - 4*o + c = 0, 6*o + 162 = 2*m + 2*o. List the prime factors of m.
5, 17
Let g(s) = -2*s - 36. Let l be g(-20). Suppose l*k - 2660 = -10*k. List the prime factors of k.
2, 5, 19
Let a(n) = 536*n + 93. Let p(c) = -268*c - 48. Let d(t) = 6*a(t) + 13*p(t). What are the prime factors of d(-4)?
2, 503
Let k be (5 + (-77)/33)/((-4)/(-402)). Let s = k + -87. List the prime factors of s.
181
Let u be (34 + -2)/(8/12). List the prime factors of 635/20*7/(42/u).
2, 127
Let q(r) = 2*r**3 + 33*r**2 - 34*r - 292. Let c be q(-17). Let h(o) = 6 - 25*o - 3 - 5*o. List the prime factors of h(c).
3, 31
Let f(l) = -239*l - 258. Suppose 5*p = -7 - 23. List the prime factors of f(p).
2, 3, 7
Let z(n) = n**3 + 7*n**2 - 197*n - 33. Let p be z(11). Let w(f) be the second derivative of -f**3/3 + 7*f**2 + f. What are the prime factors of w(p)?
2, 29
What are the prime factors of ((-15035)/93)/(3/(-216))?
2, 3, 5, 97
Suppose 2*k + 28 + 90 = -4*o, k - 103 = 4*o. Let j = 5 - o. What are the prime factors of j?
2
Let t(y) = -433*y - 13830. List the prime factors of t(-161).
29, 41, 47
Suppose -3*v = 2*v - 25. Suppose -6*a + 52 = -5*a - 4*j, 0 = -v*j + 15. Let c = 77 - a. What are the prime factors of c?
13
Let y = 357 + -105. Suppose -2*w - 2*w + 336 = -3*m, 3*w - m - y = 0. Suppose 4*c - 179 = -5*h, 2*c + 4*h - w = -2. List the prime factors of c.
3, 17
Let k be (-1)/((-5)/(-15) + 21/(-36)). Suppose 13*h - k*h + 783 = 0. Let o = h + 144. List the prime factors of o.
3, 19
Let s(y) = 7 - 53 + 83 + 50 + 22*y. What are the prime factors of s(14)?
5, 79
Let f = -13776 - -19738. List the prime factors of f.
2, 11, 271
Suppose -31 = -5*z - 6. Suppose -z*j = -p - 20, 0*j + 4 = j - p. Suppose j = 3*y - 44. List the prime factors of y.
2
Let a = 15378 + -1872. What are the prime factors of a?
2, 3, 2251
Let h(a) = a**2 - 3*a + 9. Let i be -158 - (8 - 8)/(2*1). Let s be (-2)/(-9) + i/(-18). What are the prime factors of h(s)?
3, 7
Suppose -4*u + 32 = x, 2*x + 29 = 3*u - 6. Suppose -5*b - 1028 = -u*b. What are the prime factors of b?
257
What are the prime factors of 19449 - (7 + -10) - (-16 - -12)?
2, 19
Suppose -1758 = -c + 4*y, y + 8714 = 12*c - 7*c. What are the prime factors of c?
2, 13, 67
Let f = -41 - -73. Suppose f + 1 = -3*n. List the prime factors of (49/7)/((-1)/n).
7, 11
Suppose 2*s = -g + 28, 5*g - 3*s = 10*g - 168. Let q(r) = -r**3 + 36*r**2 - r + 130. What are the prime factors of q(g)?
2, 47
Suppose -4*q = -4*d + 245500, 26*q = 5*d + 27*q - 306827. List the prime factors of d.
109, 563
Let x(g) be the second derivative of 263*g**3/6 + 17*g**2/2 - 71*g + 1. List the prime factors of x(5).
2, 3, 37
Suppose 0*i + 5*i - 50 = 0. Let u(z) = 3*z + 45. List the prime factors of u(i).
3, 5
List the prime factors of (-35928)/(-14) - (-4)/(-14).
2, 1283
Suppose 4*v + 934 - 4117 = -q, -v = -5*q + 15894. What are the prime factors of q?
11, 17
Suppose 0 = 4*f - 4*x - 112708, -31691 - 52824 = -3*f + 5*x. What are the prime factors of f?
3, 5, 1879
Let d(s) = s**3 + 39*s**2 - 26*s + 14. List the prime factors of d(-30).
2, 4447
Let c = -76 - -38. Let m = c + 35. Let y(b) = -28*b - 4. What are the prime factors of y(m)?
2, 5
Suppose 2*c = -2*s + 5*s + 4, -6 = -3*c + 3*s. Suppose -c*l - 1300 = -4*b, -5*b + 666 = -3*b - 5*l. What are the prime factors of b?
17, 19
Suppose -5*q - 91455 = -5*j, j + 54831 = 4*j + 4*q. List the prime factors of j.
3, 5, 23, 53
Suppose -17*y = -14*y - 12. Suppose 2*n - y*n = -6. Suppose 0 = -5*l - n - 2, 0 = t - l - 68. What are the prime factors of t?
67
Let l = -100 + 106. Suppose 2*k - a = 3*a, 0 = 4*k - 5*a - l. Suppose x = -0*o + 3*o - 262, -k*o - 5*x + 381 = 0. List the prime factors of o.
89
Let l(k) = -k**3 + 8*k**2 - 7*k + 7. Let j be l(7). Suppose 10*u - j*u - 42 = 0. Suppose 0 = u*r - 1077 - 1639. List the prime factors of r.
2, 97
Suppose 18 = -2*q - 4*a, 2*a - a + 7 = -q. Let y be (0 + 0)*q/5. Suppose 7*s - 2*s - 285 = y. What are the prime factors of s?
3, 19
List the prime factors of (-21530)/(-40)*(-28)/(-1).
7, 2153
Suppose -54*w - 28434 = -4*h - 57*w, 0 = -2*h + 3*w + 14226. What are the prime factors of h?
2, 3, 5, 79
Suppose 12 = a + a. Let k(t) = t**2 - 20*t - 19. Let w(n) = n**2 - 20*n - 18. Let y(f) = a*w(f) - 7*k(f). What are the prime factors of y(15)?
2, 5
Let u(n) = -374*n. Let r be u(2). Let l = r - -1078. List the prime factors of l.
2, 3, 5, 11
What are the prime factors of (2/(-3))/((-10)/124995 + 0)?
13, 641
Suppose -2*f = -q - 7576, 3*f - 10840 = -q + 514. What are the prime factors of f?
2, 3, 631
Let p(z) = -z**3 - 38*z**2 - 37*z + 135. Let n(f) = 2*f**3 + 76*f**2 + 75*f - 272. Let o(h) = -4*n(h) - 9*p(h). What are the prime factors of o(-36)?
1277
Let o(c) = c**3 + 5*c**2 + 3*c + 3. Let n be o(-5). Let k be (-6)/4*n/9. Suppose -k*l + 18*l - 3344 = 0. What are the prime factors of l?
11, 19
Suppose 8*g - 4 = -4. Let m be (8 + g/2)*7182/152. Let y = m - 223. List the prime factors of y.
5, 31
Suppose 2*t - 14988 = -5*m, 727*t - 9018 = -3*m + 730*t. List the prime factors of m.
2, 3, 5
Let d(a) = -34*a - 5. Let v be ((-20)/(-25))/((-3)/30). What are the prime factors of d(v)?
3, 89
Suppose p = -c + 34211, 3*c - 6*p - 102705 = -0*c. What are the prime factors of c?
19, 1801
Let w(r) be the third derivative of r**5/12 - 5*r**4/24 + r**3 + 64*r**2. What are the prime factors of w(-9)?
2, 3, 19
Let b be ((-3)/(15/2))/((-2)/(-10)). What are the prime factors of (3 + b)/(4/400)?
2, 5
Let r(c) = -601*c - 16. Let t be r(-2). Suppose 2*q - 2*s = t, -2962 = -5*q - 0*s + 4*s. List the prime factors of q.
2, 5, 59
Let n(k) = 41*k**3 - 51*k**2 + 3*k - 127. List the prime factors of n(13).
2, 5, 79, 103
Suppose -5*a - 4*k + 0*k + 158208 = 0, 6 = 3*k. What are the prime factors of a?
2, 5, 7, 113
Suppose 5*v + 4*u = 10*v - 23390, 23405 = 5*v - u. List the prime factors of v.
2, 2341
Let d(l) = 14*l**2 + l + 3. Suppose 2*z + 10 = 2*v, -2*z + 2*v = -4*z - 26. Let j = z - -11. What are the prime factors of d(j)?
61
What are the prime factors of (-528646)/(-14) - 1140/2660?
2, 5, 59
Let u = -1671 + 3733. Suppose 1193 = 31*b - u. What are the prime factors of b?
3, 5, 7
Let u(n) = 637*n**2 + 3*n - 4. Let h be u(2). Suppose 42*b - 36*b - h = 0. List the prime factors of b.
5, 17
Let p(c) = -c + 18. Let k be p(13). Suppose -40 + 110 = k*r. List the prime factors of 10/((r/6)/7).
2, 3, 5
Let l(w) = 0*w + 47*w**2 - 2*w - 51*w**2 - 1 - 24*w**2. Let i be l(-1). Let d = -24 - i. List the prime factors of d.
3
Let b = 6 + -2. Suppose 3*y - 176 - 262 = -4*o, 4*y = b*o + 612. Suppose -20*d = -15*d - y. List the prime factors of d.
2, 3, 5
Let r(c) = -c**2 + 4*c + 6. L